 191. Calculate the remainder when r is divided by 53.
47
Suppose -1211 = -9*p + 661. Calculate the remainder when p is divided by 35.
33
Suppose 0 = 22*k - 880 - 880. What is the remainder when k is divided by 14?
10
Suppose -2*w = 3*p - 208, 4*w = -p + 58 + 28. Calculate the remainder when p is divided by 12.
6
What is the remainder when 208 is divided by (-85)/17 + (59 - 1)?
49
Suppose 7*d + 54 = 10*d. What is the remainder when 376 is divided by d?
16
Suppose -4*d - 3 = 9, 2*g - 5*d - 37 = 0. Suppose 7*i = 10*i - 39. Let w = i - -28. What is the remainder when w is divided by g?
8
Let w be (1 + -14*1)*-1. Suppose 4*y - 33 = -w. Let s = -15 + 33. What is the remainder when s is divided by y?
3
Suppose -5*w = -37*j + 34*j - 298, -2*w + 120 = -2*j. What is the remainder when 589 is divided by w?
58
Calculate the remainder when 62 is divided by (7 - 12) + -2 + 15.
6
Let a = -4 - -6. Suppose -a*r + 79 = -23. Suppose 77 = 2*k - r. What is the remainder when k is divided by 33?
31
Suppose -u + 5*u = 84. Suppose 5*s - u + 1 = 0. Calculate the remainder when s is divided by 3.
1
What is the remainder when 376/(-144)*-6*3 is divided by 8?
7
Let d(j) = 3*j + 387. What is the remainder when d(-45) is divided by 126?
0
Suppose 0 = -4*r + 97 + 191. What is the remainder when 38 is divided by 24 - ((-1)/(-4))/(9/r)?
16
Suppose -4*d + 100 = 4*p, 4*p - 8 = 3*d + 85. Let j(h) = -1287*h - 14137. Calculate the remainder when j(-11) is divided by (4/6)/(2/p).
4
Suppose 10*z = 4*z + 1290. Suppose 4*k + 67 - z = 0. What is the remainder when k is divided by 8?
5
Let y(i) = -i**2 + 7*i. Let h be y(3). Let x = -12 + h. Suppose -3*s - 3*b + 11 + 16 = x, b = 3*s - 39. Calculate the remainder when 23 is divided by s.
11
Let p = -12 - -6. What is the remainder when 20/(-4) + 136 + (6 - 0) is divided by (-107)/(-3) - p/(-9)?
32
Let f = 80 - 28. Suppose -2*o + b - 13 + 43 = 0, o - 3*b = 10. What is the remainder when f is divided by o?
4
Suppose -8*z = -32*z + 1392. Calculate the remainder when 289 is divided by z.
57
Let m = 2 + 0. Suppose m = 2*l - 12. Calculate the remainder when 27 is divided by l.
6
Let g(a) = -a**2 - 9*a + 13. Let r(u) = -9*u + 14. Let f be r(6). Let v = f - -63. Calculate the remainder when v is divided by g(-9).
10
Let f = 2726 + -2446. Suppose -t + 35 = -3*a, -t = 3*a - 4*a - 43. Calculate the remainder when f is divided by t.
45
Suppose 2*i - 3 = x, -2*x + x + 9 = 2*i. Suppose -o - o + 16 = 0. Calculate the remainder when o is divided by i.
2
Suppose -3*k = -n + 12, -112 = -5*n - k + 12. Let x be 2 + -2 + (-2)/(-1). Suppose x*q + q = 21. What is the remainder when n is divided by q?
3
Let k = 11 + -9. Suppose 2*b = -k - 14. Let o = b + 15. Calculate the remainder when o is divided by 5.
2
Let p(q) = -2*q**3 - 6*q**2 - 5*q + 2. Let d be p(-2). Suppose 3*v - d*u - 53 = 0, -4*v - u + 0*u + 58 = 0. What is the remainder when 23 is divided by v?
8
Suppose -2298 = -43*l - 578. Suppose 2*y + 4*p - 25 = p, -4*p - 7 = -y. What is the remainder when l is divided by y?
7
Let s(c) = 3*c**2 - 4*c + 4. Let w(h) = 2*h**2 - 4*h + 3. Let x(v) = 4*s(v) - 5*w(v). Suppose 0*r = -r + 32. Calculate the remainder when r is divided by x(-4).
15
Suppose 5*n = 3*o + 1365, 5*n - 5*o = 3*n + 546. Suppose -n = -6*z + 69. Calculate the remainder when z is divided by (3 + -2)/((-1)/(-29)).
28
Suppose -b = 5*l - 17, -9 = -0*l - l - 3*b. Suppose 0 = -l*o - 3*i + 36, 8*o = 3*o + 4*i + 42. What is the remainder when 79 is divided by o?
9
Suppose -4*m - 4*u = 159 - 11, -2*m - 4*u - 72 = 0. Let o = 0 - m. Suppose 4*f - 50 + 19 = -3*t, 2 = -f - 4*t. What is the remainder when o is divided by f?
8
Let w = 27 - 42. Suppose -3*j = -j - 14. Calculate the remainder when 50/2 - (-15 - w) is divided by j.
4
Suppose 2*v - 2*l = -3*v + 163, 0 = v + 5*l - 11. What is the remainder when 340 is divided by v?
30
Let l(q) = q + 7. Let o be l(6). Let m = 455 - 448. Suppose 4*c - o = m. Calculate the remainder when 14 is divided by c.
4
Let v = -179 - -516. Calculate the remainder when v is divided by 50.
37
Suppose -t - 41 - 71 = 0. Let s = t - -196. Calculate the remainder when s is divided by 22.
18
Suppose 6*g = 2*g + 132. Suppose -51 = -12*a + g. Calculate the remainder when a is divided by 6.
1
Suppose -2*k = -q - 184, -3*k + 238 = -2*q - 36. Suppose g - 5*g + 5*m + 74 = 0, -4*g - 3*m + 58 = 0. What is the remainder when k is divided by g?
14
What is the remainder when 429 is divided by -6*3/(-9) + 34?
33
Let m(s) = 19*s**3 - 2*s + 1. Suppose -6*f + 33 = -489. What is the remainder when f is divided by m(1)?
15
Suppose -6 - 4 = -2*x, -3*u - 2*x = -19. Suppose u*a - 240 = -93. Calculate the remainder when a is divided by 25.
24
Let y = -4 - -28. Suppose 4*c - s = 20, 0*s + y = 5*c - s. What is the remainder when 9 is divided by c?
1
Let j(o) = -o**2 + 14*o - 17. Let h be j(12). Let a(i) = -3*i - 4. What is the remainder when (-1 + (-1 - -5))/(h/42) is divided by a(-3)?
3
Let r(w) = -19*w + 13. Let z be r(3). Let k = -19 - z. What is the remainder when k is divided by 15?
10
Let b = -329 + 461. What is the remainder when b is divided by 54?
24
What is the remainder when 385 is divided by (1 - 3/5)/((-48)/(-6720))?
49
Let m = -25 + 107. Suppose 5*k + 0*k = 140. What is the remainder when m is divided by k?
26
What is the remainder when 49 is divided by ((-48)/(-18))/(6 - 150/27)?
1
Let j(u) = u + 2. Let y be j(2). Suppose 3*i + y*p = 55, 0 = 3*i + 3*p + 3 - 60. Let q(n) = -25*n + 6. What is the remainder when q(-3) is divided by i?
18
Suppose 0 = 2*l - 4*n - 26 - 4, 2*l = 5*n + 29. Suppose -16 = 5*z - 4*r, -4*z - 12 = -2*r - 2*r. What is the remainder when l is divided by (z - -6)*(-36)/(-8)?
8
Let d = -67 - -47. Let p(q) = q**3 + 20*q**2 - q + 13. Calculate the remainder when p(d) is divided by 9.
6
Let u(k) = -7*k + 21. Suppose -g - 9 = 2*g. Let x = 3 - g. What is the remainder when u(0) is divided by x?
3
Calculate the remainder when 1222/13*2/12*3 is divided by 25.
22
Let k be (1 - 8/12)/(1/48). Let o = 0 - -8. Suppose -4*n - k = -o*n. What is the remainder when 11 is divided by n?
3
Suppose 0 = -z + 5*z + 164. Let b = -14 + 8. What is the remainder when 20 is divided by z/b + (-2)/(-12)?
6
Let q(r) = -r**3 - r**2 + 3*r + 10. Suppose 3*o = -b - 18, -b - b - 4*o = 26. What is the remainder when 54 is divided by q(b)?
16
Suppose 4*i - 8 = 2*h, h - 32 = -5*i - 8. Let q be (-102)/27 + h/(-18). Calculate the remainder when 85 is divided by (792/(-27))/(q/6).
41
Calculate the remainder when 454 is divided by ((-2)/(-10))/((-1)/(-40)).
6
Suppose -5*b + 448 = -b. Calculate the remainder when b is divided by (-28)/8*2 + 64.
55
Suppose 95 = 2*p - 7. Suppose -p = -5*z + 59. What is the remainder when 57 is divided by z?
13
Let s = -17 - -19. Suppose 3*g + 19 = 4, 5*v - s*g - 125 = 0. Calculate the remainder when v is divided by 9.
5
Let k(f) = -f**3 + 8*f**2 - 2*f - 5. Let l be k(7). Suppose l*c - 29*c = 14. Calculate the remainder when 53 is divided by c.
11
Let k(q) = q**3 - 3*q**2 - 3*q + 1. Let g be k(4). Let s be 1*g/(-15)*-66. What is the remainder when 78 is divided by (-21 + s)/(2/32)?
14
Suppose 2*h - 38 = -3*v, h + 4*h - 3*v = 74. Suppose -39*n + 335 - 62 = 0. Calculate the remainder when h is divided by n.
2
Let m = -703 - -758. What is the remainder when m is divided by 14?
13
Let j be ((-3)/4)/(2/(-328)). What is the remainder when 3/((-18)/j)*6*-1 is divided by 14?
11
Suppose 14*l = -30*l + 29084. Calculate the remainder when l is divided by 17.
15
Let j(r) = 4*r**3 + 4*r**2 + 6*r + 3. Let u(h) = -9*h**3 - 9*h**2 - 13*h - 6. Let n(m) = -5*j(m) - 2*u(m). Calculate the remainder when 268 is divided by n(-3).
43
Let m(u) = -59*u. Let g = -61 - -49. What is the remainder when m(-1) is divided by ((-10)/1)/5 - (-2 + g)?
11
Let i(m) = 4*m**2 + 55*m + 250. Calculate the remainder when i(-8) is divided by 14.
10
Let c(y) = y**2 + 4*y + 7. Suppose 25*o = 50 + 75. Calculate the remainder when c(5) is divided by o.
2
Suppose -2*n + 37 = -9. Suppose -s + n = w, 0 = 2*s - 3*w + 4*w - 41. Calculate the remainder when 87 is divided by s.
15
Let t = -1356 + 1604. What is the remainder when t is divided by 8?
0
Let r(d) = d**2 - 4*d + 13. Let u(o) = 3*o**2 + 21*o + 15. Calculate the remainder when 